v?
7
Suppose 45 = -3*f + 198. What is the tens digit of f?
5
Suppose -6 = -j - 2*j. Suppose 4*n - 19 = -3*w, -w - w = j*n - 12. What is the units digit of w?
5
Let m = -10 - -16. Let i be 2 - 0/(m/3). What is the units digit of i*((-8)/(-2) - 2)?
4
Let l = -65 + 126. What is the units digit of l?
1
Let r = -5 - -5. Let p be (r/(-1))/(-3) + 2. What is the units digit of (p/2)/(2/20)?
0
Let s be -56 - (3 - (-1)/(-1)). Let p = -32 - s. What is the units digit of p?
6
Let c(v) = 2*v**2 + 3*v + 2. Let i be c(-4). Let q be 4/i - (-217)/77. Suppose -4*x = 0, 0*x - 39 = -3*m + q*x. What is the units digit of m?
3
Suppose w = -5, 0 = f - 2*w - 3. Let n = f + 7. Suppose -5*r - 9 = -x - n, -36 = -4*x - 3*r. What is the units digit of x?
9
Suppose -5*m + 11 = 56. Suppose 0 = -5*v - 25, 2*f = -3*f - 2*v - 50. Let g = f - m. What is the units digit of g?
1
Let w(v) = -v**3 + 6*v**2 + 6*v + 3. Let m(b) = 3*b**3 - 13*b**2 - 13*b - 7. Let k(y) = -2*m(y) - 5*w(y). Suppose -x = 9 - 6. What is the units digit of k(x)?
2
Suppose 7*j - 345 = -86. What is the units digit of j?
7
Let f(n) = -n**3 - 5*n**2 - n + 4. Let s be f(-3). Let j = 25 + s. What is the tens digit of j?
1
Suppose -5*i + 27 = -3*f, -2*i - f - f = 2. Suppose u - i*u = -28. What is the tens digit of u?
1
Suppose -28 = -5*x + 2*g, 2*g = 2*x - 7*x + 12. What is the units digit of x?
4
Let t be (-39)/(-6) + 2/(-4). Suppose -3*z + 4*f = t, -f + 6*f - 11 = 2*z. Suppose 0 = q - z*q + 2. What is the units digit of q?
2
Let x(u) = -u**3 + 5*u**2 - 6*u + 4. Let i be x(4). Let o be (-2)/i*-4*1. What is the units digit of (6/(-9))/(o/3)?
1
Let l(x) = 6*x**2 - 3*x + 1. Let y = 5 + -3. Let c be l(y). Suppose 5*j - 64 + c = 0. What is the units digit of j?
9
Let t(i) = 3*i**2 - 6*i - 2. Let k(u) = u**2 - 3*u - 1. Let o(f) = -7*k(f) + 3*t(f). Let b be o(-3). Let j(c) = c - 8. What is the units digit of j(b)?
2
Let r(z) = z**2 - 7*z - 13. Let v(h) = -5*h - 1. Let l be v(-2). What is the units digit of r(l)?
5
What is the units digit of 35 + -6*2/(-12)?
6
Let t(u) = u**2 + 3*u - 5. Let d be t(-4). Let z be (-3)/d*-3*3. Let h = -7 - z. What is the units digit of h?
0
Suppose 4*s + 12 = -0*s, -m + 5*s + 29 = 0. Let w = 2 - -1. Let g = w + m. What is the tens digit of g?
1
Suppose 2*d - 175 = 3*m, -5*d + 2*m + 177 + 244 = 0. What is the units digit of d?
3
Suppose k - 4*k - 24 = 0. Let p(j) = -2 + 7*j - 4 + 1 + 9*j**2 + j**3. What is the units digit of p(k)?
3
Let t(n) = 4*n**2 + 7. What is the units digit of t(-4)?
1
Suppose -3*w + 11 + 10 = 0. Let p = 7 + w. What is the units digit of p?
4
Suppose 5*d - 3*a - 283 = 0, -138 = -2*d - 2*a - 3*a. What is the units digit of d?
9
Let m be ((-10)/(-15))/((-4)/(-30)). What is the units digit of 8 - (1 + (4 - m))?
8
Let k(f) = 10*f - 5. Let z be k(4). Let h = z - 21. What is the units digit of h?
4
Let k = 11 - 10. Let d be (-2 + (-1 - -3))/k. Suppose h + n - 11 = d, -3*h + n + 82 = 29. What is the tens digit of h?
1
Let z(k) = k - 7. Let n be z(5). What is the units digit of n + (-9)/(-3) + 2?
3
Let r(z) = -2*z + 1. Let c be r(-1). Suppose -2*k = 4*x - 44, -2*k + c*x = -3 - 6. What is the units digit of k?
2
Suppose 277 = 5*m - 2*h, -5*m = -5*h + 95 - 360. Suppose 4*w = 17 - m. What is the units digit of (-16)/w*(-10)/(-2)?
8
Let n(a) = 16*a - 1. Let i be n(-1). Let y = -12 - i. What is the units digit of y?
5
Suppose -2*z + 247 = -4*z + 5*l, -l = -2*z - 235. Let f be 2/10 + z/5. Let t = f - -33. What is the tens digit of t?
1
Suppose -4*j + 455 = -933. What is the units digit of j?
7
Suppose -8 = -s + 37. What is the units digit of s?
5
Let a = -89 + 254. What is the units digit of a?
5
What is the tens digit of 18/4*(-180)/(-54)?
1
Let w(n) = 5*n + 2. Let d(f) = 9*f + 5. Let i(o) = -4*d(o) + 7*w(o). What is the units digit of i(-8)?
2
Let x be ((-1)/(-1))/((-5)/30). Let s = 35 + x. What is the units digit of s?
9
Let b be ((-16)/(-6))/(1/3). Let s = -5 + b. Let j(o) = -o + 7. What is the units digit of j(s)?
4
Suppose 4*j = 365 + 487. What is the tens digit of j?
1
What is the tens digit of (33/55)/(1/85)?
5
Suppose -5*l = -1416 + 76. What is the units digit of l?
8
Let i be 0 + 0 - (4 + -2). Let o be 42/8 + i/8. Suppose 6 = -2*g, 0*p - o*g = -4*p + 67. What is the units digit of p?
3
Suppose 3*y = 9 + 3. Let t(l) = -l**2 + 6*l - 2. Let f be t(y). Suppose -r + f*r = 20. What is the units digit of r?
4
Suppose -5*i + 191 = 4*u - 202, 2*u + 2*i = 198. What is the units digit of u?
2
Let d(y) = -y**3 + 8*y**2 - 6*y + 3. Suppose -5*x - 3*o = -38, -3*x + 9 + 10 = -2*o. What is the units digit of d(x)?
0
Let r(f) = 2*f + 6. Let c(s) = -3*s - 13. Let i(u) = 2*c(u) + 5*r(u). What is the tens digit of i(4)?
2
Suppose 2*h - 2 - 34 = 0. Let f = h + -13. What is the units digit of f?
5
Suppose 9*n - 461 = 538. What is the tens digit of n?
1
What is the units digit of (-2172)/(-33) + (-4)/(-22)?
6
Suppose 0 = f + 3*s - 19, f - 17 = -2*f - s. Suppose -f*a + 2*a = -40. What is the units digit of a?
0
Suppose -3*d = -2*p + 4 + 38, d - 34 = -2*p. Let w = -6 + p. What is the units digit of w?
2
What is the units digit of (-12)/(-4)*24/9?
8
Suppose 0 = -2*d + 7*d - 45. What is the units digit of d?
9
Let b be (-6)/(-3)*(-1)/(-2). Let a(d) = d**3 + 4*d**2 + 2*d - 2. Let o be a(-3). Let g = o + b. What is the units digit of g?
2
Let f = -10 - -19. What is the units digit of f?
9
Suppose 5*a + 2*l - 164 = l, a = 4*l + 37. What is the tens digit of a?
3
Let b(q) be the second derivative of q**6/720 + q**5/15 + q**4/6 + 2*q. Let f(j) be the third derivative of b(j). What is the tens digit of f(7)?
1
Let s be -1 - (-24)/((-4)/(-2)). Suppose -4*i + s + 8 = 3*m, m = 2*i + 23. Let l = m + -1. What is the tens digit of l?
1
Let a be 1*-8*(-52)/8. Suppose 0 = 4*n + 8 - a. What is the tens digit of n?
1
Let b(q) = q**2 - 6*q + 2. Let i be b(4). Let g(l) = -l**3 - 5*l**2 + 3*l + 6. What is the units digit of g(i)?
4
Suppose 43*n = 49*n - 72. What is the units digit of n?
2
Suppose -60 = 2*y - 3*y + a, -2*y = a - 123. Suppose -3*o = 4*c - 57, -3*o - 1 + y = 5*c. Suppose 0 = -9*m + 4*m + o. What is the units digit of m?
3
Let z be 0/(1 - 0 - 3). Let f(m) = -m**3 - 12. Let c be f(z). Let x = c + 19. What is the units digit of x?
7
Let o be (1/(-2))/(2/(-8)). Suppose -y + 30 = o*y. What is the tens digit of y?
1
Suppose -2*g + 3*g = 1. Suppose -g = -2*v - 41. What is the tens digit of (-5)/v - (-102)/8?
1
Let y(o) = 10*o**3 - 2*o + 1. Let z be y(1). What is the tens digit of (-10)/(-15) + 345/z?
3
Let m be (2 - -2)/(2/1). Let x be m/(0 - 4/(-6)). What is the units digit of x/(1 - (-5)/(-8))?
8
Let c be 3 + 0/(-7 + 3). Suppose -2*q = -11 - c. What is the units digit of q?
7
Let a(v) be the first derivative of -v**4/4 + v**3/3 + v**2 + v - 1. Suppose x + 4*x = 10. What is the units digit of a(x)?
1
Let r be (-2 + 6)/(1 - -1). What is the units digit of 2 - (r + -2)/1?
2
Let q be ((-12)/(-10))/((-6)/(-15)). Suppose 5*m - q = -4*n, 3*n - n - 2*m + 12 = 0. What is the units digit of 1*(2/(-1) - n)?
1
Let j(s) = s**2 + 7*s - 5. Let w be j(-8). Suppose w*p - 2*l - 116 = 0, p + 3*p - 158 = l. What is the tens digit of p?
4
Suppose -4*a = -2 - 14. Suppose -m = 3*m + 5*q + 8, 4*m = -a*q - 4. Suppose m = g - 9. What is the units digit of g?
2
Let b(v) = 5*v**2 + 6*v + 13. What is the units digit of b(-3)?
0
Suppose -2 = 4*t + 2, 0 = -2*r - t - 11. Let b be (r/10)/(2/(-12)). Suppose -29 = -b*k + 1. What is the units digit of k?
0
Suppose 5*i = 2*i + 18. Let o(k) = -k**3 + 6*k**2 + 6*k - 7. Let q be o(i). Let u = q + -20. What is the units digit of u?
9
What is the units digit of ((-309)/(-3) - 1) + -1 + -2?
9
Let c(k) = k**2 + 8*k + 8. Let b be c(-6). Let v be (-5)/(2*2/b). Suppose -4*r - v*d = -41, -4*r - 4*d = -0*r - 40. What is the units digit of r?
9
Let d be (3 - 2 - 3)/1. Let t(k) = -k. What is the units digit of t(d)?
2
Let m be (-2)/(-10) + (-34)/(-5). Suppose -m = o - 4*t, 4*t + 5 = 3*o - 6. What is the units digit of o?
9
Let i = 0 - -2. Let t = 8 - i. What is the units digit of t?
6
Suppose 2*v + 2*v - 94 = p, 3*p = v - 18. What is the tens digit of v?
2
Suppose -q + 2*q = 0. Let y(o) = o**3 - 3. Let s be y(q). Let i = 1 - s. What is the units digit of i?
4
Let z(v) = -v**3 - 6*v**2 - v - 1. Let s = -16 